{"id":219,"date":"2021-05-14T19:33:12","date_gmt":"2021-05-14T17:33:12","guid":{"rendered":"https:\/\/www.maibaum.shop\/?page_id=219"},"modified":"2021-05-14T19:34:01","modified_gmt":"2021-05-14T17:34:01","slug":"privatkunden","status":"publish","type":"page","link":"https:\/\/www.maibaum.shop\/?page_id=219","title":{"rendered":"Privatkunden (B2C)"},"content":{"rendered":"<p>Sie brauchen einen Baum f\u00fcr Ihre Liebste\/Liebsten kein Problem bestellen Sie einfach \u00fcber unseren Webshop ihren Baum. Auf Wunsch k\u00f6nnen Sie noch Kreppband und ein Holz-Herz dazu bestellen.<\/p>\n<p>Ablauf der Bestellung:<\/p>\n<ol>\n<li>Sie bestellen \u00fcber unseren <a href=\"https:\/\/www.maibaum.shop\/\">Webshop<\/a> (Sollte der Baum nicht in unserem <a href=\"https:\/\/www.maibaum.shop\/?page_id=41\">Liefergebiet<\/a> liegen, melden wir uns bei Ihnen und Pr\u00fcfen wie Sie doch Ihren Baum erhalten k\u00f6nnen.)<\/li>\n<li>Sie erhalten ca. 24 Stunden vor Auslieferung eine E-Mail mit Ihrem Zeitfenster wann wir ca. bei Ihnen sind.<\/li>\n<li>Sie erhalten ca. 30 Mintuen vor Ankunft eine E-Mail \/ Anruf wann wir genau bei Ihnen sind.<\/li>\n<\/ol>\n<p>&nbsp;<\/p>\n","protected":false},"excerpt":{"rendered":"<p>Sie brauchen einen Baum f\u00fcr Ihre Liebste\/Liebsten kein Problem bestellen Sie einfach \u00fcber unseren Webshop ihren Baum. Auf Wunsch k\u00f6nnen Sie noch Kreppband und ein Holz-Herz dazu bestellen. Ablauf der Bestellung: Sie bestellen \u00fcber unseren Webshop (Sollte der Baum nicht in unserem Liefergebiet liegen, melden wir uns bei Ihnen und Pr\u00fcfen wie Sie doch Ihren&hellip;&nbsp;<a href=\"https:\/\/www.maibaum.shop\/?page_id=219\" class=\"\" rel=\"bookmark\">Weiterlesen &raquo;<span class=\"screen-reader-text\">Privatkunden (B2C)<\/span><\/a><\/p>\n","protected":false},"author":1,"featured_media":0,"parent":0,"menu_order":0,"comment_status":"closed","ping_status":"closed","template":"","meta":{"neve_meta_sidebar":"","neve_meta_container":"","neve_meta_enable_content_width":"","neve_meta_content_width":0,"neve_meta_title_alignment":"","neve_meta_author_avatar":"","neve_post_elements_order":"","neve_meta_disable_header":"","neve_meta_disable_footer":"","neve_meta_disable_title":"","_themeisle_gutenberg_block_has_review":false,"_ti_tpc_template_sync":false,"_ti_tpc_template_id":"","footnotes":""},"class_list":["post-219","page","type-page","status-publish","hentry"],"yoast_head":"<!-- This site is optimized with the Yoast SEO plugin v22.4 - https:\/\/yoast.com\/wordpress\/plugins\/seo\/ -->\n<title>Privatkunden (B2C) - Maibaum.shop<\/title>\n<meta name=\"robots\" content=\"index, follow, max-snippet:-1, max-image-preview:large, max-video-preview:-1\" \/>\n<link rel=\"canonical\" href=\"https:\/\/www.maibaum.shop\/?page_id=219\" \/>\n<meta property=\"og:locale\" content=\"de_DE\" \/>\n<meta property=\"og:type\" content=\"article\" \/>\n<meta property=\"og:title\" content=\"Privatkunden (B2C) - Maibaum.shop\" \/>\n<meta property=\"og:description\" content=\"Sie brauchen einen Baum f\u00fcr Ihre Liebste\/Liebsten kein Problem bestellen Sie einfach \u00fcber unseren Webshop ihren Baum. Auf Wunsch k\u00f6nnen Sie noch Kreppband und ein Holz-Herz dazu bestellen. Ablauf der Bestellung: Sie bestellen \u00fcber unseren Webshop (Sollte der Baum nicht in unserem Liefergebiet liegen, melden wir uns bei Ihnen und Pr\u00fcfen wie Sie doch Ihren&hellip;&nbsp;Weiterlesen &raquo;Privatkunden (B2C)\" \/>\n<meta property=\"og:url\" content=\"https:\/\/www.maibaum.shop\/?page_id=219\" \/>\n<meta property=\"og:site_name\" content=\"Maibaum.shop\" \/>\n<meta property=\"article:modified_time\" content=\"2021-05-14T17:34:01+00:00\" \/>\n<meta name=\"twitter:card\" content=\"summary_large_image\" \/>\n<script type=\"application\/ld+json\" class=\"yoast-schema-graph\">{\"@context\":\"https:\/\/schema.org\",\"@graph\":[{\"@type\":\"WebPage\",\"@id\":\"https:\/\/www.maibaum.shop\/?page_id=219\",\"url\":\"https:\/\/www.maibaum.shop\/?page_id=219\",\"name\":\"Privatkunden (B2C) - Maibaum.shop\",\"isPartOf\":{\"@id\":\"https:\/\/www.maibaum.shop\/#website\"},\"datePublished\":\"2021-05-14T17:33:12+00:00\",\"dateModified\":\"2021-05-14T17:34:01+00:00\",\"breadcrumb\":{\"@id\":\"https:\/\/www.maibaum.shop\/?page_id=219#breadcrumb\"},\"inLanguage\":\"de\",\"potentialAction\":[{\"@type\":\"ReadAction\",\"target\":[\"https:\/\/www.maibaum.shop\/?page_id=219\"]}]},{\"@type\":\"BreadcrumbList\",\"@id\":\"https:\/\/www.maibaum.shop\/?page_id=219#breadcrumb\",\"itemListElement\":[{\"@type\":\"ListItem\",\"position\":1,\"name\":\"Startseite\",\"item\":\"https:\/\/www.maibaum.shop\/\"},{\"@type\":\"ListItem\",\"position\":2,\"name\":\"Privatkunden (B2C)\"}]},{\"@type\":\"WebSite\",\"@id\":\"https:\/\/www.maibaum.shop\/#website\",\"url\":\"https:\/\/www.maibaum.shop\/\",\"name\":\"Maibaum.shop\",\"description\":\"Maibaum kaufen in K\u00f6ln 2024\",\"publisher\":{\"@id\":\"https:\/\/www.maibaum.shop\/#organization\"},\"potentialAction\":[{\"@type\":\"SearchAction\",\"target\":{\"@type\":\"EntryPoint\",\"urlTemplate\":\"https:\/\/www.maibaum.shop\/?s={search_term_string}\"},\"query-input\":\"required name=search_term_string\"}],\"inLanguage\":\"de\"},{\"@type\":\"Organization\",\"@id\":\"https:\/\/www.maibaum.shop\/#organization\",\"name\":\"Maibaum.shop\",\"url\":\"https:\/\/www.maibaum.shop\/\",\"logo\":{\"@type\":\"ImageObject\",\"inLanguage\":\"de\",\"@id\":\"https:\/\/www.maibaum.shop\/#\/schema\/logo\/image\/\",\"url\":\"https:\/\/www.maibaum.shop\/wp-content\/uploads\/IMGP7043-scaled.jpg\",\"contentUrl\":\"https:\/\/www.maibaum.shop\/wp-content\/uploads\/IMGP7043-scaled.jpg\",\"width\":1920,\"height\":2560,\"caption\":\"Maibaum.shop\"},\"image\":{\"@id\":\"https:\/\/www.maibaum.shop\/#\/schema\/logo\/image\/\"},\"sameAs\":[\"https:\/\/www.instagram.com\/maibaum.shop\/?hl=de\"]}]}<\/script>\n<!-- \/ Yoast SEO plugin. -->","yoast_head_json":{"title":"Privatkunden (B2C) - Maibaum.shop","robots":{"index":"index","follow":"follow","max-snippet":"max-snippet:-1","max-image-preview":"max-image-preview:large","max-video-preview":"max-video-preview:-1"},"canonical":"https:\/\/www.maibaum.shop\/?page_id=219","og_locale":"de_DE","og_type":"article","og_title":"Privatkunden (B2C) - Maibaum.shop","og_description":"Sie brauchen einen Baum f\u00fcr Ihre Liebste\/Liebsten kein Problem bestellen Sie einfach \u00fcber unseren Webshop ihren Baum. Auf Wunsch k\u00f6nnen Sie noch Kreppband und ein Holz-Herz dazu bestellen. Ablauf der Bestellung: Sie bestellen \u00fcber unseren Webshop (Sollte der Baum nicht in unserem Liefergebiet liegen, melden wir uns bei Ihnen und Pr\u00fcfen wie Sie doch Ihren&hellip;&nbsp;Weiterlesen &raquo;Privatkunden (B2C)","og_url":"https:\/\/www.maibaum.shop\/?page_id=219","og_site_name":"Maibaum.shop","article_modified_time":"2021-05-14T17:34:01+00:00","twitter_card":"summary_large_image","schema":{"@context":"https:\/\/schema.org","@graph":[{"@type":"WebPage","@id":"https:\/\/www.maibaum.shop\/?page_id=219","url":"https:\/\/www.maibaum.shop\/?page_id=219","name":"Privatkunden (B2C) - Maibaum.shop","isPartOf":{"@id":"https:\/\/www.maibaum.shop\/#website"},"datePublished":"2021-05-14T17:33:12+00:00","dateModified":"2021-05-14T17:34:01+00:00","breadcrumb":{"@id":"https:\/\/www.maibaum.shop\/?page_id=219#breadcrumb"},"inLanguage":"de","potentialAction":[{"@type":"ReadAction","target":["https:\/\/www.maibaum.shop\/?page_id=219"]}]},{"@type":"BreadcrumbList","@id":"https:\/\/www.maibaum.shop\/?page_id=219#breadcrumb","itemListElement":[{"@type":"ListItem","position":1,"name":"Startseite","item":"https:\/\/www.maibaum.shop\/"},{"@type":"ListItem","position":2,"name":"Privatkunden (B2C)"}]},{"@type":"WebSite","@id":"https:\/\/www.maibaum.shop\/#website","url":"https:\/\/www.maibaum.shop\/","name":"Maibaum.shop","description":"Maibaum kaufen in K\u00f6ln 2024","publisher":{"@id":"https:\/\/www.maibaum.shop\/#organization"},"potentialAction":[{"@type":"SearchAction","target":{"@type":"EntryPoint","urlTemplate":"https:\/\/www.maibaum.shop\/?s={search_term_string}"},"query-input":"required name=search_term_string"}],"inLanguage":"de"},{"@type":"Organization","@id":"https:\/\/www.maibaum.shop\/#organization","name":"Maibaum.shop","url":"https:\/\/www.maibaum.shop\/","logo":{"@type":"ImageObject","inLanguage":"de","@id":"https:\/\/www.maibaum.shop\/#\/schema\/logo\/image\/","url":"https:\/\/www.maibaum.shop\/wp-content\/uploads\/IMGP7043-scaled.jpg","contentUrl":"https:\/\/www.maibaum.shop\/wp-content\/uploads\/IMGP7043-scaled.jpg","width":1920,"height":2560,"caption":"Maibaum.shop"},"image":{"@id":"https:\/\/www.maibaum.shop\/#\/schema\/logo\/image\/"},"sameAs":["https:\/\/www.instagram.com\/maibaum.shop\/?hl=de"]}]}},"_links":{"self":[{"href":"https:\/\/www.maibaum.shop\/index.php?rest_route=\/wp\/v2\/pages\/219","targetHints":{"allow":["GET"]}}],"collection":[{"href":"https:\/\/www.maibaum.shop\/index.php?rest_route=\/wp\/v2\/pages"}],"about":[{"href":"https:\/\/www.maibaum.shop\/index.php?rest_route=\/wp\/v2\/types\/page"}],"author":[{"embeddable":true,"href":"https:\/\/www.maibaum.shop\/index.php?rest_route=\/wp\/v2\/users\/1"}],"replies":[{"embeddable":true,"href":"https:\/\/www.maibaum.shop\/index.php?rest_route=%2Fwp%2Fv2%2Fcomments&post=219"}],"version-history":[{"count":2,"href":"https:\/\/www.maibaum.shop\/index.php?rest_route=\/wp\/v2\/pages\/219\/revisions"}],"predecessor-version":[{"id":222,"href":"https:\/\/www.maibaum.shop\/index.php?rest_route=\/wp\/v2\/pages\/219\/revisions\/222"}],"wp:attachment":[{"href":"https:\/\/www.maibaum.shop\/index.php?rest_route=%2Fwp%2Fv2%2Fmedia&parent=219"}],"curies":[{"name":"wp","href":"https:\/\/api.w.org\/{rel}","templated":true}]}}